13 composite?
True
Is 19668289705 prime?
False
Is 3533905483 a composite number?
True
Is 5510664853 composite?
True
Is 637601809 a prime number?
False
Is 17671313137 composite?
False
Is 1890686285 composite?
True
Is 128958707 composite?
False
Is 258947861 a composite number?
False
Is 30046018019 a prime number?
False
Is 3875168027 a prime number?
False
Is 611810387 prime?
False
Is 3430158533 a composite number?
True
Is 249414493 prime?
False
Is 2496148555 a prime number?
False
Is 1560348455 a composite number?
True
Is 1230841217 a prime number?
False
Is 49781762831 prime?
True
Is 406265963 a composite number?
False
Is 24558103 a prime number?
False
Is 3099452827 a composite number?
True
Is 40383889219 composite?
False
Is 29873597 composite?
True
Is 554309101 composite?
False
Is 786114943 prime?
True
Is 25554799147 a composite number?
False
Is 4400612765 prime?
False
Is 893211653 a prime number?
False
Is 5550617339 prime?
False
Is 2037482297 composite?
False
Is 4222588841 a composite number?
False
Is 3161970043 prime?
True
Is 7314996739 a composite number?
False
Is 2870606081 prime?
False
Is 3376051751 a prime number?
False
Is 14706539969 a prime number?
False
Is 114910770523 prime?
True
Is 2278518677 a composite number?
False
Is 4364547851 prime?
False
Is 50805234563 a prime number?
True
Is 188973481 prime?
True
Is 437749406 prime?
False
Is 3724122587 composite?
True
Is 11311499639 composite?
True
Is 1736178742 a prime number?
False
Is 407996877 a prime number?
False
Is 985649879 a prime number?
False
Is 8045949187 a prime number?
False
Is 283900769 composite?
True
Is 353179579429 a prime number?
False
Is 495140449 prime?
False
Is 27936875413 a prime number?
False
Is 10068353929 a prime number?
True
Is 129453487 composite?
True
Is 1575148153 a prime number?
True
Is 231405127 prime?
False
Is 1286610177 a prime number?
False
Is 8630777627 composite?
False
Is 390204203 a composite number?
False
Is 5582529703 a prime number?
True
Is 34090743707 prime?
False
Is 60866130667 prime?
True
Is 326283367841 a composite number?
False
Is 1121193533 prime?
True
Is 2559500947 prime?
True
Is 542323933 prime?
False
Is 51069101 a prime number?
False
Is 283995461 a composite number?
True
Is 1430547709 composite?
False
Is 575023223 composite?
True
Is 2568251243 prime?
True
Is 1929816377 prime?
False
Is 2474146991 composite?
False
Is 2008984127 a composite number?
False
Is 69498383 a prime number?
False
Is 787951 a prime number?
False
Is 20096097223 prime?
True
Is 1967941361 composite?
False
Is 58246664941 composite?
False
Is 894920143 a composite number?
True
Is 4345196651 composite?
True
Is 3183253093 composite?
False
Is 28552819847 prime?
True
Is 105748233 a prime number?
False
Is 65492421406 prime?
False
Is 49584680681 a prime number?
True
Is 605747693 a prime number?
True
Is 164643539 composite?
False
Is 2403825202 composite?
True
Is 23763895423 a prime number?
True
Is 60977302501 prime?
False
Is 24344850261 prime?
False
Is 513289346069 prime?
True
Is 320297347 prime?
False
Is 10441952707 prime?
True
Is 21907007113 a composite number?
True
Is 51088459291 prime?
False
Is 12486557683 a prime number?
True
Is 856647361 a prime number?
True
Is 5748676091 prime?
True
Is 3744292147 a composite number?
False
Is 610246058 a prime number?
False
Is 260101705181 composite?
False
Is 7735029839 prime?
False
Is 1939473517 a prime number?
False
Is 45812067053 prime?
False
Is 660199909 prime?
True
Is 232462013893 a composite number?
False
Is 915032026 a prime number?
False
Is 57465270283 a composite number?
False
Is 69253119259 prime?
False
Is 5674943471 a composite number?
True
Is 53223391607 composite?
False
Is 71501897387 composite?
False
Is 717775001 composite?
False
Is 824932679 prime?
True
Is 4929957161 composite?
True
Is 174939872411 a composite number?
False
Is 2269543247 a prime number?
False
Is 61104457069 a composite number?
False
Is 423063013865 a prime number?
False
Is 1812812569 composite?
True
Is 28606112183 a composite number?
True
Is 235378657 a prime number?
True
Is 536135071 composite?
True
Is 10579322953 a prime number?
False
Is 1040008049 prime?
False
Is 458556897 composite?
True
Is 15934259843 composite?
False
Is 61733436473 composite?
False
Is 25961502835 a prime number?
False
Is 220563599 a prime number?
True
Is 2567262371 composite?
False
Is 2893935727 a prime number?
True
Is 123694077107 composite?
True
Is 33946956931 a composite number?
True
Is 396075803 a composite number?
True
Is 853623047 composite?
True
Is 1485633587 prime?
False
Is 57266940949 a prime number?
True
Is 4027013681 prime?
True
Is 171276527563 composite?
False
Is 528864881 a prime number?
False
Is 25595545813 a prime number?
True
Is 1838493563 composite?
True
Is 6825314141 composite?
False
Is 97574872051 composite?
True
Is 1212739895 a composite number?
True
Is 478696435111 a composite number?
False
Is 383368379 a composite number?
True
Is 1207405853 a composite number?
False
Is 6648653771 a composite number?
True
Is 7446697579 a composite number?
True
Is 11686430347 a composite number?
True
Is 586568335 a prime number?
False
Is 8307943419 a prime number?
False
Is 24831597023 prime?
True
Is 47393861069 prime?
False
Is 1074810955 a composite number?
True
Is 19825574009 prime?
True
Is 5660249921 composite?
False
Is 1602524047 composite?
True
Is 682181963 composite?
False
Is 4819981193 a prime number?
True
Is 913765577 a prime number?
False
Is 21337743626 composite?
True
Is 2554756437 prime?
False
Is 356858039 composite?
False
Is 16076687701 a composite number?
True
Is 14057181877 composite?
False
Is 105775046171 prime?
True
Is 499993339 a composite number?
False
Is 10008441533 composite?
False
Is 34189087003 composite?
True
Is 180015739 prime?
False
Is 505143707 a composite number?
True
Is 15083254003 composite?
True
Is 1285587169 composite?
False
Is 753627869 a prime number?
True
Is 10024739533 prime?
True
Is 499330399 prime?
True
Is 292794419 prime?
False
Is 157656937 prime?
True
Is 21693842381 a composite number?
False
Is 1648752367 prime?
False
Is 10453469309 composite?
True
Is 939418537 a prime number?
False
Is 139850501 a prime number?
False
Is 20433599629 prime?
True
Is 15755909717 a composite number?
True
Is 52759360747 composite?
True
Is 917670043 a prime number?
True
Is 17940382991 composite?
False
Is 631845254 composite?
True
Is 21459145607 prime?
True
Is 4736194949 a composite number?
False
Is 567052259 a composite number?
True
Is 5078679383 a composite number?
False
Is 16191907 composite?
True
Is 11613760351 a composite number?
False
Is 2049379751 composite?
False
Is 813610307 a prime number?
False
Is 678385963 a composite number?
False
Is 30819543101 a prime number?
True
Is 34698352807 prime?
True
Is 28903555519 a composite number?
True
Is 2452026509 a prime number?
True
Is 46856000123 prime?
True
Is 3346289393 prime?
True
Is 3644143301 a composite number?
True
Is 305079349 a composite number?
True
Is 4971066209 prime?
True
Is 1665591989 composite?
True
Is 1157408443 a prime number?
True
Is 15350703931 prime?
False
Is 246214042937 a prime number?
False
Is 596698693 composite?
True
Is 88405247653 composite?
False
Is 41754690553 prime?
False
Is 12571640251 composite?
True
Is 1481622691 a composite number?
True
Is 38131077 composite?
True
Is 444003697 a composite number?
True
Is 2221279937 composite?
True
Is 3583894357 a prime number?
False
Is 2043486647 prime?
False
Is 9795213919 a composite number?
False
Is 591323639 prime?
False
Is 1529424427 a prime number?
False
Is 5146615673 prime?
False
Is 3046345403 composite?
False
Is 4248633811 a composite number?
True
Is 14702119211 composite?
True
Is 19413403663 a composite number?
False
Is 1386775307 prime?
True
Is 2910297737 composite?
False
Is 1001800941 a prime number?
False
Is 307447781 composite?
False
Is 4056714691 a prime number?
True
Is 10668488939 a prime number?
True
Is 10313019499 composite?
True
Is 460349801 a prime number?
False
Is 11139858239 a prime number?
False
Is 7701047929 a composite number?
False
Is 29324555713 a prime number?
False
Is 947952763 a prime number?
True
Is 76784797643 composite?
True
Is 101675783537 a prime number?
True
Is 11555069629 prime?
True
Is 1291991693 composite?
True
Is 200989121 a